6. Calculate the remainder when 130 is divided by (606/14 - (-26)/m) + 1.
42
Let w(m) = -m**2 - 11*m + 83. What is the remainder when 202 is divided by w(-14)?
38
Let t(y) = y**3 + 35*y**2 + y + 57. What is the remainder when 63 is divided by t(-35)?
19
Let g = 147 - 83. Suppose 5*d = -4*w + g, 2*d - 45 = -3*w - d. Suppose 35 = -5*z + 180. What is the remainder when z is divided by w?
7
What is the remainder when (-32)/6*(-2814)/56 is divided by 18?
16
Let l be 5 - ((-4)/(-22) + (-31)/(-11)). Suppose -12 = -3*a, -26 = -l*i + 4*a + 16. Calculate the remainder when i is divided by 18.
11
Suppose 5*v - 110 = 3*v. Calculate the remainder when v is divided by (-5)/10 - 117/(-6).
17
Let c = -21 + 38. Suppose 45 = j + 8*j. Suppose j*h + 143 - 27 = 2*m, -3*m - 5*h = -124. Calculate the remainder when m is divided by c.
14
Let f = -4 + -32. Let w = f + 43. What is the remainder when w is divided by 4?
3
Suppose -4*j = 4*g - 120, -6 = 5*j + 4*g - 155. Let w = j + -17. Calculate the remainder when (-2)/(-9) - (-196)/9 is divided by w.
10
Calculate the remainder when 27 is divided by (-183)/(-9) + 6/9.
6
Suppose -4*n + 49 + 143 = 4*k, -3*n + 134 = k. Calculate the remainder when 225 is divided by n.
10
Suppose -3*s + 28 = -3*l - 365, -6 = 3*l. Suppose b - 11*o - 1 = -6*o, 10 = 2*o. Calculate the remainder when s is divided by b.
25
Calculate the remainder when 437/6 - 8/(-48) is divided by 31.
11
Let x(n) = -n**2 + 20*n - 19. Let o be x(17). Suppose -2*l = -o - 186. What is the remainder when l is divided by 14?
11
Suppose -6*g - 2*g + 680 = 0. Let u(p) = p**3 + 17*p**2 - 19*p + 2. Calculate the remainder when g is divided by u(-18).
5
Suppose -6*k + 19*k = 377. What is the remainder when 57 is divided by k?
28
Suppose -15*r + 400 = -95. Let v = 27 - 18. What is the remainder when r is divided by v?
6
What is the remainder when 46 - ((-42)/6)/7 is divided by 10?
7
What is the remainder when 168 is divided by (-159)/((-3)/33 - 50/55)?
9
Let v = 38 + -26. Let x(z) = -z**3 + 12*z**2 + z - 8. Let c = 17 - 12. What is the remainder when c is divided by x(v)?
1
Let y = 9 - 2. What is the remainder when 67 is divided by y?
4
Suppose 0 = d - x - 3, 3*d - 4*x = -7*x + 21. What is the remainder when 37 is divided by d?
2
Suppose 0 = 9*z - 7*z - 12. Let u = z + -18. Let h = u - -19. Calculate the remainder when 27 is divided by h.
6
Let g(a) = 4*a - 14. Let x(u) = -5*u + 13. Let c = 10 - 16. Let p(f) = c*g(f) - 5*x(f). Calculate the remainder when p(-6) is divided by 4.
1
Let o(b) = -134*b**3 + b**2. Suppose 1418*w = 1403*w + 510. Calculate the remainder when o(-1) is divided by w.
33
Let f(s) = 959*s**2 + 24*s - 25. What is the remainder when f(1) is divided by 60?
58
Suppose -2*u = -48 - 40. Let w(h) = -3*h**2 + 28*h + 43. Calculate the remainder when u is divided by w(10).
21
Suppose 0 = 2*y - y + 2*l - 13, -5*y + 5*l = -140. Suppose o = 7*o - 72. What is the remainder when y is divided by o?
11
Suppose 0 = 2*n - h - 7 - 9, 2*n - 2*h = 14. Let x = -3 + 4. Let r = x - -4. Calculate the remainder when n is divided by r.
4
Let p = 305 - 228. What is the remainder when 538 is divided by p?
76
Let z(d) = d + 5. Let f be z(-2). Suppose -5*p + 12 + f = 0. Suppose 0 = -p*v + 47 - 11. Calculate the remainder when v is divided by 6.
0
Suppose 0 = 4*f - 17*f + 2249. Calculate the remainder when f is divided by 45.
38
Suppose s = -4*s + 4*r + 96, -4*r - 32 = -s. Suppose 2*i - s - 14 = 0. What is the remainder when 42 is divided by i?
12
Let t be 3/(-6) - 10/(-4). Suppose -t*g + 279 = 7*g. Suppose -g = -h - 0*h. What is the remainder when h is divided by 8?
7
Let l(z) be the third derivative of 1/2*z**3 - 7/24*z**4 - 9*z**2 + 1/30*z**5 + 0*z + 0. What is the remainder when l(7) is divided by 27?
25
Let u = 831 - 195. Calculate the remainder when u is divided by 71.
68
Suppose 7*m - 5*m = 0. Let q = 2 - 0. Suppose m = -i + 2 + q. What is the remainder when i is divided by 2?
0
Let k(l) = 12*l + 33. Calculate the remainder when 90 is divided by k(0).
24
Suppose -u + 5*c = -10 - 2, 4*u = -2*c + 48. What is the remainder when 1425 is divided by u?
9
Let i(d) = 2*d - 24. Let y be i(11). What is the remainder when 7 - (-1 + 1)/(-1) is divided by y/4*-8 + -2?
1
Let b = 120 - 75. Suppose 6*v + 97 = -5. Let c = b + v. Calculate the remainder when c is divided by 15.
13
Let g(r) = -128*r. Let m be g(-1). Let l = m + -65. Calculate the remainder when l is divided by 16.
15
Let p be (-61)/7 - 20/70. What is the remainder when -1 - (-9)/(p/(-70)) is divided by 24?
21
Let m = 1094 - 1081. Let y(x) = x**2 + 6*x + 1. What is the remainder when m is divided by y(-7)?
5
Suppose 0 = -2*p + 3*b + 142, -b + 3*b - 132 = -2*p. Calculate the remainder when 266 is divided by p.
62
Let q(l) = l - 9. Let w(f) = 9. Let z(r) = -6*q(r) - 5*w(r). Suppose -2*b + 8 = 0, -4*y - b = 21 + 3. What is the remainder when z(y) is divided by 13?
12
Let h(k) = -8*k + 49 - 5*k + 15*k - 8*k. What is the remainder when 1 is divided by h(8)?
0
Suppose 2*v - 2*h - 16 = -0*h, 0 = -4*v - 3*h + 67. What is the remainder when 30 is divided by v?
4
Let k(p) = -10*p - 34. Let j = 63 + -44. What is the remainder when k(-7) is divided by j?
17
Let i(f) = -4*f - 9. Let q(a) = 4*a + 8. Let m(v) = 4*i(v) + 3*q(v). Calculate the remainder when 30 is divided by m(-5).
6
Let b(d) = 6*d**2 - 4*d + 2. What is the remainder when b(6) is divided by 18?
14
Suppose 3*y - 120 + 27 = 0. Suppose y + 13 = 2*m. Suppose o = h + 40, 0 = 2*o + 23*h - 19*h - 92. What is the remainder when o is divided by m?
20
Let d = -18 + -90. Calculate the remainder when ((-4)/(-8))/((-2)/d) is divided by 7.
6
Let a(n) = n**3 + n**2 - 3*n + 1. Let z be a(-2). Suppose -z*j + 179 = -4*w, -2*j - w + 0*w = -101. What is the remainder when j is divided by 14?
11
Let m(f) = f + 126. What is the remainder when m(-28) is divided by 43?
12
Suppose -111 + 39 = -6*v. What is the remainder when 849 is divided by v?
9
Suppose -4*n - 2*n = -18. Suppose 8*f - 5*v - 54 = 5*f, 4*v = 5*f - 90. What is the remainder when (-52)/n*(1 + -4) is divided by f?
16
Calculate the remainder when (-2)/((-1099)/217 - -5) is divided by (64/(-10))/((-8)/20).
15
Suppose -7680 + 1376 = -8*l. Calculate the remainder when l is divided by 99.
95
Suppose 20 = -5*q, 19*q - 14*q + 104 = 2*p. Let c(j) = -3*j**3 - 2*j**2 - 2*j - 5. What is the remainder when c(-4) is divided by p?
37
Let y = 1259 - 1201. Let r(d) = -8*d - 4. Let z be (3/4)/(1/(-4)). What is the remainder when y is divided by r(z)?
18
Let l = 134 - 17. Let q = 132 - l. What is the remainder when q is divided by 2?
1
Suppose 0 = -2*k + 4*f + 2, -7*k + 9*k + f = 12. Let h = 175 + -169. Calculate the remainder when h is divided by k.
1
Suppose 3*u - 1124 = -5*g + 3406, -5*g - u + 4540 = 0. What is the remainder when g is divided by 70?
69
Let t(m) = -m**3 - 10*m**2 - 6*m - 12. Let a be t(-9). Let d be 10*a/(-24)*-4. Calculate the remainder when -2 - (d + 2 + 0) is divided by 21.
19
Let o be (5/1 - 2) + -9. Calculate the remainder when 5*26*(-3 - (o + 2)) is divided by 33.
31
Suppose -17*d + 227 + 861 = 0. Calculate the remainder when d is divided by 15.
4
Let u(f) = -f**2 - 9*f - 10. Let r be u(-7). Suppose 12 - r = 2*o. Suppose 7*s - 56 = o*s + m, s - 4*m = 15. What is the remainder when s is divided by 10?
9
Let x(p) be the first derivative of -p**4/4 + 2*p**3 + 7*p**2/2 + 12*p - 11. Calculate the remainder when 35 is divided by x(7).
11
Let p(g) = -g + 9. Let o(y) = y**3 + 8*y**2 + 6. Let v = -26 + 18. Calculate the remainder when o(v) is divided by p(7).
0
Let j(b) = -14*b + 3. Suppose -n - 22 = -2*i + 3*n, 3*i - 3*n = 45. Calculate the remainder when j(-5) is divided by i.
16
Suppose 0 = 29*x - 30*x + 8. Suppose 2*t = x*t - 150. Calculate the remainder when t is divided by 7.
4
Suppose 0*h + 52 = 4*q + 2*h, -5*q + 3*h + 54 = 0. Suppose v + y + y - q = 0, -3*y = 4*v - 28. What is the remainder when 23 is divided by v?
3
Suppose 0 = -2*a - 0*a - 4*x, -2*x + 12 = 3*a. Calculate the remainder when 43 is divided by a.
1
Let c(g) = -13*g - 8. Let h(w) = w**2 - 1. What is the remainder when c(-1) is divided by h(2)?
2
Suppose -l = 2*l - 27. Let x(w) = w**3 - 8*w**2 - 7*w - 5. Let m be x(10). Suppose 5*q = -0*q + m. What is the remainder whe